{"id":9264,"date":"2017-01-05T19:03:12","date_gmt":"2017-01-06T01:03:12","guid":{"rendered":"https:\/\/www.soyfreelancer.com\/blog\/?page_id=9264"},"modified":"2025-12-17T08:37:24","modified_gmt":"2025-12-17T14:37:24","slug":"como-retirar-mi-dinero-de-soyfreelancer","status":"publish","type":"page","link":"https:\/\/wp.soyfreelancer.com\/blog\/como-retirar-mi-dinero-de-soyfreelancer\/","title":{"rendered":"C\u00f3mo retirar mi dinero de SoyFreelancer [2026]"},"content":{"rendered":"\n<h2 class=\"wp-block-heading\">\u00bfC\u00f3mo retirar mi dinero de SoyFreelancer?<\/h2>\n\n\n\n<h4 class=\"wp-block-heading\">M\u00e9todos de pago:<\/h4>\n\n\n\n<ul class=\"wp-block-list\">\n<li><span style=\"color: #0000ff;\"><a style=\"color: #0000ff;\" href=\"#paypal\">PayPal<\/a><\/span><\/li>\n\n\n\n<li><span style=\"color: #0000ff;\"><a style=\"color: #0000ff;\" href=\"#airtm\">AirTM<\/a><\/span><\/li>\n<\/ul>\n\n\n\n<h2 class=\"wp-block-heading\" id=\"paypal\"><span style=\"color: #ff6600;\">Pago con PayPal<\/span><\/h2>\n\n\n\n<ol class=\"wp-block-list\">\n<li>Reg\u00edstrate en PayPal y asocia una tarjeta de cr\u00e9dito o d\u00e9bito, o una cuenta de banco local, seg\u00fan tu pa\u00eds. (Si ya tienes tu cuenta, omite este paso).<\/li>\n\n\n\n<li>Ingresa a tu cuenta SoyFreelancer.com y ve a <span style=\"text-decoration: underline;\"><em><a href=\"https:\/\/www.soyfreelancer.com\/app\/freelancer\/cuenta\" target=\"_blank\" rel=\"noopener\">Cuenta<\/a><\/em><\/span>\u00a0para agregar tu\u00a0correo de PayPal. Luego guarda los cambios.<\/li>\n\n\n\n<li>Recuerda que debes completar los datos de tu ciudad, ID personal y n\u00famero tributario o fiscal.<\/li>\n<\/ol>\n\n\n\n<p><span style=\"color: #ff0000;\">\u00a1Listo! <\/span><\/p>\n\n\n\n<p>Una vez que los proyectos en los que participas finalicen, recibir\u00e1s tu pago a trav\u00e9s de tu cuenta de PayPal.<\/p>\n\n\n\n<h3 class=\"wp-block-heading\">\u00bfQu\u00e9 pa\u00edses permiten asociar una cuenta local a PayPal?<\/h3>\n\n\n\n<p>Existen varios pa\u00edses que permiten asociar directamente una cuenta bancaria local a PayPal para retirar fondos.<\/p>\n\n\n\n<p>A continuaci\u00f3n, te detallamos una lista actualizada de pa\u00edses y la disponibilidad de retiro en PayPal de cada uno. (Puede cambiar sin previo aviso, seg\u00fan las pol\u00edticas de PayPal. Puedes consultar con el soporte de dicho servicio para m\u00e1s informaci\u00f3n).<\/p>\n\n\n\n<ul class=\"wp-block-list\">\n<li><span style=\"color: #0000ff;\"><a style=\"color: #0000ff;\" href=\"#mx-paypal\">M\u00e9xico<\/a><\/span><\/li>\n\n\n\n<li><span style=\"color: #0000ff;\"><a style=\"color: #0000ff;\" href=\"#gt-hn-ni-paypal\">Guatemala, Honduras, Nicaragua<\/a><\/span><\/li>\n\n\n\n<li><span style=\"color: #0000ff;\"><a style=\"color: #0000ff;\" href=\"#sv-paypal\">El Salvador<\/a><\/span><\/li>\n\n\n\n<li><span style=\"color: #0000ff;\"><a style=\"color: #0000ff;\" href=\"#cr-paypal\">Costa Rica<\/a><\/span><\/li>\n\n\n\n<li><span style=\"color: #0000ff;\"><a style=\"color: #0000ff;\" href=\"#pa-paypal\">Panam\u00e1<\/a><\/span><\/li>\n\n\n\n<li><span style=\"color: #0000ff;\"><a style=\"color: #0000ff;\" href=\"#do-paypal\">Rep\u00fablica Dominicana<\/a><\/span><\/li>\n\n\n\n<li><span style=\"color: #0000ff;\"><a style=\"color: #0000ff;\" href=\"#co-paypal\">Colombia<\/a><\/span><\/li>\n\n\n\n<li><span style=\"color: #0000ff;\"><a style=\"color: #0000ff;\" href=\"#ve-ec-paypal\">Venezuela y Ecuador<\/a><\/span><\/li>\n\n\n\n<li><span style=\"color: #0000ff;\"><a style=\"color: #0000ff;\" href=\"#bo-py-paypal\">Bolivia y Paraguay<\/a><\/span><\/li>\n\n\n\n<li><span style=\"color: #0000ff;\"><a style=\"color: #0000ff;\" href=\"#uy-paypal\">Uruguay<\/a><\/span><\/li>\n\n\n\n<li><span style=\"color: #0000ff;\"><a style=\"color: #0000ff;\" href=\"#pe-paypal\">Per\u00fa<\/a><\/span><\/li>\n\n\n\n<li><span style=\"color: #0000ff;\"><a style=\"color: #0000ff;\" href=\"#cl-paypal\">Chile<\/a><\/span><\/li>\n\n\n\n<li><span style=\"color: #0000ff;\"><a style=\"color: #0000ff;\" href=\"#ar-paypal\">Argentina<\/a><\/span><\/li>\n\n\n\n<li><span style=\"color: #0000ff;\"><a style=\"color: #0000ff;\" href=\"#br-paypal\">Brasil<\/a><\/span><\/li>\n\n\n\n<li><span style=\"color: #0000ff;\"><a style=\"color: #0000ff;\" href=\"#es-paypal\">Espa\u00f1a<\/a><\/span><\/li>\n\n\n\n<li><span style=\"color: #0000ff;\"><a style=\"color: #0000ff;\" href=\"#cu-paypal\">Cuba<\/a><\/span><\/li>\n<\/ul>\n\n\n\n<h4 class=\"wp-block-heading\" id=\"mx-paypal\">M\u00e9xico<\/h4>\n\n\n\n<p>Acepta tarjetas d\u00e9bito de diversos bancos como Bancoppel, Bancomer, Banamex, Inbursa, Banco Azteca, Banorte, HSBC, Ban Regio, Banco Famsa, Banco Multiva, Afirme y Santander.<\/p>\n\n\n\n<h4 class=\"wp-block-heading\" id=\"gt-hn-ni-paypal\">Guatemala, Honduras y Nicaragua<\/h4>\n\n\n\n<p>\u00danicamente podr\u00e1s asociar tarjetas de cr\u00e9dito a PayPal. Tambi\u00e9n puedes asociar una cuenta en Estados Unidos.<\/p>\n\n\n\n<h4 class=\"wp-block-heading\" id=\"sv-paypal\">El Salvador<\/h4>\n\n\n\n<p>Ahora puedes retirar de PayPal a tu banco local, agregando tu cuenta bancaria en tu informaci\u00f3n de PayPal: <a href=\"https:\/\/www.paypal.com\/sv\/cshelp\/article\/%C2%BFc%C3%B3mo-hago-para-retirar-dinero-y-transferirlo-a-mi-cuenta-bancaria-help394?locale.x=es_SV\" target=\"_blank\" rel=\"nofollow noopener\">Ver m\u00e1s informaci\u00f3n<\/a><\/p>\n\n\n\n<h4 class=\"wp-block-heading\" id=\"cr-paypal\">Costa Rica<\/h4>\n\n\n\n<p>Podr\u00e1s retirar fondos a trav\u00e9s de una cuenta local del Banco Nacional o los servicios de Kipo y Wink.&nbsp;<a href=\"https:\/\/www.paypal.com\/cr\/webapps\/mpp\/withdraw-funds\" target=\"_blank\" rel=\"nofollow noopener\">Lee m\u00e1s informaci\u00f3n en PayPal Costa Rica<\/a>.<\/p>\n\n\n\n<h4 class=\"wp-block-heading\" id=\"pa-paypal\">Panam\u00e1<\/h4>\n\n\n\n<p>Por el momento, \u00fanicamente podr\u00e1s asociar&nbsp;tarjetas de cr\u00e9dito o una cuenta en Estados Unidos.<\/p>\n\n\n\n<h4 class=\"wp-block-heading\" id=\"do-paypal\">Rep\u00fablica Dominicana<\/h4>\n\n\n\n<p>Si tienes una cuenta con Banco Popular, puedes retirar ah\u00ed tus ganancias. <a href=\"https:\/\/www.popularenlinea.com\/paypal\" target=\"_blank\" rel=\"nofollow noopener\">M\u00e1s informaci\u00f3n en Banco Popular<\/a>.<\/p>\n\n\n\n<h4 class=\"wp-block-heading\" id=\"co-paypal\">Colombia<\/h4>\n\n\n\n<p>Banco Davivienda te ofrece la posibilidad de retirar tus fondos a trav\u00e9s de una cuenta de Davivienda o del servicio de Nequi. <a href=\"https:\/\/www.paypal.com\/co\/webapps\/mpp\/withdraw-funds\" target=\"_blank\" rel=\"nofollow noopener\">Lee m\u00e1s en PayPal Colombia<\/a><\/p>\n\n\n\n<h4 class=\"wp-block-heading\" id=\"ve-ec-paypal\">Venezuela y Ecuador<\/h4>\n\n\n\n<p>Podr\u00e1s asociar tarjetas de cr\u00e9dito o una cuenta en Estados Unidos.<\/p>\n\n\n\n<h4 class=\"wp-block-heading\" id=\"bo-py-paypal\">Bolivia y Paraguay<\/h4>\n\n\n\n<p>Por el momento PayPal no ofrece el servicio para recibir dinero.&nbsp;Deber\u00e1s asociar una cuenta estadounidense de la que puedas retirar dinero de forma local.<\/p>\n\n\n\n<h4 class=\"wp-block-heading\" id=\"uy-paypal\">Uruguay<\/h4>\n\n\n\n<p>Puedes asociar una tarjeta de cr\u00e9dito, d\u00e9bito o prepago. Tambi\u00e9n una cuenta bancaria en Estados Unidos.<\/p>\n\n\n\n<h4 class=\"wp-block-heading\" id=\"pe-paypal\">Per\u00fa<\/h4>\n\n\n\n<p>Retira tus fondos de PayPal con tu cuenta de Interbank o el servicio de Ligo. <a href=\"https:\/\/www.paypal.com\/pe\/webapps\/mpp\/withdraw-funds\" target=\"_blank\" rel=\"nofollow noopener\">Visita PayPal Per\u00fa aqu\u00ed<\/a>.<\/p>\n\n\n\n<h4 class=\"wp-block-heading\" id=\"cl-paypal\">Chile<\/h4>\n\n\n\n<p>PayPal te ofrece la posibilidad de retirar tus fondos localmente a trav\u00e9s de Multicaja. <a href=\"https:\/\/www.paypal.com\/cl\/webapps\/mpp\/withdraw-funds\" target=\"_blank\" rel=\"nofollow noopener\">Lee m\u00e1s informaci\u00f3n aqu\u00ed<\/a>.<\/p>\n\n\n\n<h4 class=\"wp-block-heading\" id=\"ar-paypal\">Argentina<\/h4>\n\n\n\n<p>Banco Macro y el servicio de Nubi&nbsp;te permiten retirar tus fondos de PayPal. <a href=\"https:\/\/www.paypal.com\/ar\/webapps\/mpp\/withdraw-funds\" target=\"_blank\" rel=\"nofollow noopener\">Conoce m\u00e1s en PayPal Argentina<\/a>.<\/p>\n\n\n\n<h4 class=\"wp-block-heading\" id=\"br-paypal\">Brasil<\/h4>\n\n\n\n<p>El servicio se puede asociar&nbsp;con casi todos los bancos locales. <a href=\"https:\/\/www.paypal.com\/br\/home\" target=\"_blank\" rel=\"nofollow noopener\">M\u00e1s informaci\u00f3n en PayPal Brasil<\/a>.<\/p>\n\n\n\n<h4 class=\"wp-block-heading\" id=\"es-paypal\">Espa\u00f1a<\/h4>\n\n\n\n<p>PayPal funciona pr\u00e1cticamente con todos los bancos&nbsp;locales. <a href=\"https:\/\/www.paypal.com\/es\/home\" target=\"_blank\" rel=\"nofollow noopener\">Conoce m\u00e1s en PayPal Espa\u00f1a<\/a>.<\/p>\n\n\n\n<h5 class=\"wp-block-heading\"><a href=\"https:\/\/www.paypal.com\/us\/cgi-bin\/webscr?cmd=_display-country-functionality-outside&amp;dispatch=5885d80a13c0db1f8e263663d3faee8dc3f308debf7330dd8d0b0a9f21afd7d3\" target=\"_blank\" rel=\"nofollow noopener\">Consulta m\u00e1s pa\u00edses en PayPal<\/a>.<\/h5>\n\n\n\n<h4 class=\"wp-block-heading\" id=\"cu-paypal\">Cuba<\/h4>\n\n\n\n<p>Por el momento, no es posible realizar env\u00edos de dinero directamente a Cuba a trav\u00e9s de PayPal. Deber\u00e1s asociar una cuenta estadounidense de la que puedas retirar dinero de forma local. Si no te es posible registrarte, cont\u00e1ctanos a soporte@soyfreelancer.com<\/p>\n\n\n\n<h2 class=\"wp-block-heading\" id=\"airtm\"><span style=\"color: #ff6600;\">AirTM<\/span><\/h2>\n\n\n\n<p>Si necesitas retirar por medio de AirTM, ponte en contacto con nosotros antes de&nbsp;solicitar el&nbsp;desembolso, escribi\u00e9ndonos a soporte@soyfreelancer.com<\/p>\n","protected":false},"excerpt":{"rendered":"\u00bfC\u00f3mo retirar mi dinero de SoyFreelancer? M\u00e9todos de pago: Pago con PayPal \u00a1Listo! Una vez que los proyectos en los que participas finalicen, recibir\u00e1s tu pago a trav\u00e9s de tu cuenta de PayPal. \u00bfQu\u00e9 pa\u00edses permiten asociar una cuenta local a PayPal? Existen varios pa\u00edses que permiten asociar directamente una cuenta bancaria local a PayPal&#8230; <a class=\"view-article\" href=\"https:\/\/wp.soyfreelancer.com\/blog\/como-retirar-mi-dinero-de-soyfreelancer\/\">Continuar leyendo<\/a>","protected":false},"author":11,"featured_media":0,"parent":0,"menu_order":0,"comment_status":"closed","ping_status":"closed","template":"","meta":{"_acf_changed":false,"footnotes":""},"categories":[461],"tags":[2621,1672,1671,1818,231,1673,601,1817,1816,1670,1669,481],"class_list":["post-9264","page","type-page","status-publish","hentry","category-faq","tag-airtm","tag-como-recibo-mi-pago","tag-como-retirar-mi-dinero","tag-cuenta-local","tag-dinero","tag-metodos-de-pago","tag-pago","tag-paises","tag-paypal","tag-recibir-mi-pago","tag-retirar-fondos","tag-soyfreelancer"],"acf":[],"yoast_head":"<!-- This site is optimized with the Yoast SEO plugin v27.4 - https:\/\/yoast.com\/product\/yoast-seo-wordpress\/ -->\n<title>C\u00f3mo retirar mi dinero de SoyFreelancer [2026] | Soyfreelancer.com<\/title>\n<meta name=\"description\" content=\"Conoce el m\u00e9todo para retirar tu dinero localmente desde PayPal en tu pa\u00eds, cuando completas un proyecto en SoyFreelancer.com ...\" \/>\n<meta name=\"robots\" content=\"noindex, nofollow\" \/>\n<meta property=\"og:locale\" content=\"es_ES\" \/>\n<meta property=\"og:type\" content=\"article\" \/>\n<meta property=\"og:title\" content=\"C\u00f3mo retirar mi dinero de SoyFreelancer [2026] | Soyfreelancer.com\" \/>\n<meta property=\"og:description\" content=\"Conoce el m\u00e9todo para retirar tu dinero localmente desde PayPal en tu pa\u00eds, cuando completas un proyecto en SoyFreelancer.com ...\" \/>\n<meta property=\"og:url\" content=\"https:\/\/wp.soyfreelancer.com\/blog\/como-retirar-mi-dinero-de-soyfreelancer\/\" \/>\n<meta property=\"og:site_name\" content=\"Soyfreelancer.com\" \/>\n<meta property=\"article:modified_time\" content=\"2025-12-17T14:37:24+00:00\" \/>\n<meta property=\"og:image\" content=\"http:\/\/34.75.45.37wp-content\/uploads\/2019\/09\/logo-blue-sf.png\" \/>\n<meta name=\"twitter:card\" content=\"summary_large_image\" \/>\n<meta name=\"twitter:label1\" content=\"Tiempo de lectura\" \/>\n\t<meta name=\"twitter:data1\" content=\"3 minutos\" \/>\n<script type=\"application\/ld+json\" class=\"yoast-schema-graph\">{\"@context\":\"https:\\\/\\\/schema.org\",\"@graph\":[{\"@type\":\"WebPage\",\"@id\":\"https:\\\/\\\/wp.soyfreelancer.com\\\/blog\\\/como-retirar-mi-dinero-de-soyfreelancer\\\/\",\"url\":\"https:\\\/\\\/wp.soyfreelancer.com\\\/blog\\\/como-retirar-mi-dinero-de-soyfreelancer\\\/\",\"name\":\"C\u00f3mo retirar mi dinero de SoyFreelancer [2026] | Soyfreelancer.com\",\"isPartOf\":{\"@id\":\"https:\\\/\\\/wp.soyfreelancer.com\\\/blog\\\/#website\"},\"datePublished\":\"2017-01-06T01:03:12+00:00\",\"dateModified\":\"2025-12-17T14:37:24+00:00\",\"description\":\"Conoce el m\u00e9todo para retirar tu dinero localmente desde PayPal en tu pa\u00eds, cuando completas un proyecto en SoyFreelancer.com ...\",\"breadcrumb\":{\"@id\":\"https:\\\/\\\/wp.soyfreelancer.com\\\/blog\\\/como-retirar-mi-dinero-de-soyfreelancer\\\/#breadcrumb\"},\"inLanguage\":\"es\",\"potentialAction\":[{\"@type\":\"ReadAction\",\"target\":[\"https:\\\/\\\/wp.soyfreelancer.com\\\/blog\\\/como-retirar-mi-dinero-de-soyfreelancer\\\/\"]}]},{\"@type\":\"BreadcrumbList\",\"@id\":\"https:\\\/\\\/wp.soyfreelancer.com\\\/blog\\\/como-retirar-mi-dinero-de-soyfreelancer\\\/#breadcrumb\",\"itemListElement\":[{\"@type\":\"ListItem\",\"position\":1,\"name\":\"Portada\",\"item\":\"https:\\\/\\\/wp.soyfreelancer.com\\\/blog\\\/\"},{\"@type\":\"ListItem\",\"position\":2,\"name\":\"C\u00f3mo retirar mi dinero de SoyFreelancer [2026]\"}]},{\"@type\":\"WebSite\",\"@id\":\"https:\\\/\\\/wp.soyfreelancer.com\\\/blog\\\/#website\",\"url\":\"https:\\\/\\\/wp.soyfreelancer.com\\\/blog\\\/\",\"name\":\"Soyfreelancer.com\",\"description\":\"Soyfreelancer.com | Multiservicios en demanda\",\"potentialAction\":[{\"@type\":\"SearchAction\",\"target\":{\"@type\":\"EntryPoint\",\"urlTemplate\":\"https:\\\/\\\/wp.soyfreelancer.com\\\/blog\\\/?s={search_term_string}\"},\"query-input\":{\"@type\":\"PropertyValueSpecification\",\"valueRequired\":true,\"valueName\":\"search_term_string\"}}],\"inLanguage\":\"es\"}]}<\/script>\n<!-- \/ Yoast SEO plugin. -->","yoast_head_json":{"title":"C\u00f3mo retirar mi dinero de SoyFreelancer [2026] | Soyfreelancer.com","description":"Conoce el m\u00e9todo para retirar tu dinero localmente desde PayPal en tu pa\u00eds, cuando completas un proyecto en SoyFreelancer.com ...","robots":{"index":"noindex","follow":"nofollow"},"og_locale":"es_ES","og_type":"article","og_title":"C\u00f3mo retirar mi dinero de SoyFreelancer [2026] | Soyfreelancer.com","og_description":"Conoce el m\u00e9todo para retirar tu dinero localmente desde PayPal en tu pa\u00eds, cuando completas un proyecto en SoyFreelancer.com ...","og_url":"https:\/\/wp.soyfreelancer.com\/blog\/como-retirar-mi-dinero-de-soyfreelancer\/","og_site_name":"Soyfreelancer.com","article_modified_time":"2025-12-17T14:37:24+00:00","og_image":[{"url":"http:\/\/34.75.45.37wp-content\/uploads\/2019\/09\/logo-blue-sf.png","type":"","width":"","height":""}],"twitter_card":"summary_large_image","twitter_misc":{"Tiempo de lectura":"3 minutos"},"schema":{"@context":"https:\/\/schema.org","@graph":[{"@type":"WebPage","@id":"https:\/\/wp.soyfreelancer.com\/blog\/como-retirar-mi-dinero-de-soyfreelancer\/","url":"https:\/\/wp.soyfreelancer.com\/blog\/como-retirar-mi-dinero-de-soyfreelancer\/","name":"C\u00f3mo retirar mi dinero de SoyFreelancer [2026] | Soyfreelancer.com","isPartOf":{"@id":"https:\/\/wp.soyfreelancer.com\/blog\/#website"},"datePublished":"2017-01-06T01:03:12+00:00","dateModified":"2025-12-17T14:37:24+00:00","description":"Conoce el m\u00e9todo para retirar tu dinero localmente desde PayPal en tu pa\u00eds, cuando completas un proyecto en SoyFreelancer.com ...","breadcrumb":{"@id":"https:\/\/wp.soyfreelancer.com\/blog\/como-retirar-mi-dinero-de-soyfreelancer\/#breadcrumb"},"inLanguage":"es","potentialAction":[{"@type":"ReadAction","target":["https:\/\/wp.soyfreelancer.com\/blog\/como-retirar-mi-dinero-de-soyfreelancer\/"]}]},{"@type":"BreadcrumbList","@id":"https:\/\/wp.soyfreelancer.com\/blog\/como-retirar-mi-dinero-de-soyfreelancer\/#breadcrumb","itemListElement":[{"@type":"ListItem","position":1,"name":"Portada","item":"https:\/\/wp.soyfreelancer.com\/blog\/"},{"@type":"ListItem","position":2,"name":"C\u00f3mo retirar mi dinero de SoyFreelancer [2026]"}]},{"@type":"WebSite","@id":"https:\/\/wp.soyfreelancer.com\/blog\/#website","url":"https:\/\/wp.soyfreelancer.com\/blog\/","name":"Soyfreelancer.com","description":"Soyfreelancer.com | Multiservicios en demanda","potentialAction":[{"@type":"SearchAction","target":{"@type":"EntryPoint","urlTemplate":"https:\/\/wp.soyfreelancer.com\/blog\/?s={search_term_string}"},"query-input":{"@type":"PropertyValueSpecification","valueRequired":true,"valueName":"search_term_string"}}],"inLanguage":"es"}]}},"_links":{"self":[{"href":"https:\/\/wp.soyfreelancer.com\/blog\/wp-json\/wp\/v2\/pages\/9264","targetHints":{"allow":["GET"]}}],"collection":[{"href":"https:\/\/wp.soyfreelancer.com\/blog\/wp-json\/wp\/v2\/pages"}],"about":[{"href":"https:\/\/wp.soyfreelancer.com\/blog\/wp-json\/wp\/v2\/types\/page"}],"author":[{"embeddable":true,"href":"https:\/\/wp.soyfreelancer.com\/blog\/wp-json\/wp\/v2\/users\/11"}],"replies":[{"embeddable":true,"href":"https:\/\/wp.soyfreelancer.com\/blog\/wp-json\/wp\/v2\/comments?post=9264"}],"version-history":[{"count":34,"href":"https:\/\/wp.soyfreelancer.com\/blog\/wp-json\/wp\/v2\/pages\/9264\/revisions"}],"predecessor-version":[{"id":13189,"href":"https:\/\/wp.soyfreelancer.com\/blog\/wp-json\/wp\/v2\/pages\/9264\/revisions\/13189"}],"wp:attachment":[{"href":"https:\/\/wp.soyfreelancer.com\/blog\/wp-json\/wp\/v2\/media?parent=9264"}],"wp:term":[{"taxonomy":"category","embeddable":true,"href":"https:\/\/wp.soyfreelancer.com\/blog\/wp-json\/wp\/v2\/categories?post=9264"},{"taxonomy":"post_tag","embeddable":true,"href":"https:\/\/wp.soyfreelancer.com\/blog\/wp-json\/wp\/v2\/tags?post=9264"}],"curies":[{"name":"wp","href":"https:\/\/api.w.org\/{rel}","templated":true}]}}