{"id":8994,"date":"2016-09-26T18:22:54","date_gmt":"2016-09-27T00:22:54","guid":{"rendered":"https:\/\/www.soyfreelancer.com\/blog\/?page_id=8994"},"modified":"2023-09-08T16:25:47","modified_gmt":"2023-09-08T22:25:47","slug":"5-pasos-para-conseguir-mejores-cotizaciones-freelance","status":"publish","type":"page","link":"https:\/\/wp.soyfreelancer.com\/blog\/5-pasos-para-conseguir-mejores-cotizaciones-freelance\/","title":{"rendered":"5 pasos para conseguir mejores cotizaciones freelance"},"content":{"rendered":"<p>Cuando publicas un proyecto para contratar freelancers dentro de nuestra plataforma la invitaci\u00f3n a mandarte\u00a0cotizaciones\u00a0de trabajo es enviada a los profesionales registrados que tengan las habilidades que t\u00fa necesitas.<\/p>\n<p>Esto quiere decir que la cantidad de ofertas o cotizaciones\u00a0que recibas depender\u00e1 de qu\u00e9 tan descriptivo hayas sido al detallar qu\u00e9 necesitas de quien vayas a contratar.<\/p>\n<p>Para obtener los mejores resultados, sigue estos sencillos pasos:<\/p>\n<h2><span style=\"font-weight: 400;\">1. Que el t\u00edtulo diga a qui\u00e9n necesitas y para qu\u00e9<\/span><\/h2>\n<p><span style=\"font-weight: 400;\">Por ejemplo, supongamos que lo que quieres es contratar un dise\u00f1ador para que te ayude a maquetar una revista. En vez de colocar algo como \u00abSe solicita dise\u00f1ador gr\u00e1fico\u00bb, escribe m\u00e1s detalladamente: \u00abSolicito dise\u00f1ador para una revista\u00bb. <\/span><\/p>\n<p><span style=\"font-weight: 400;\">As\u00ed, cuando la invitaci\u00f3n le llega al freelancer, el t\u00edtulo podr\u00eda recordarle si se trata de algo similiar a lo que \u00e9l ya ha hecho. Describir el proyecto le ayuda a imaginar o visualizar c\u00f3mo trabajar\u00eda en \u00e9l y por lo tanto se ver\u00e1 m\u00e1s motivado a mandarte una oferta. <\/span><\/p>\n<h2><span style=\"font-weight: 400;\">2. Elige las habilidades<\/span><\/h2>\n<p><span style=\"font-weight: 400;\">A la hora de publicar tu proyecto, ver\u00e1s que al comenzar a escribir en la casilla de habilidades empiezan a aparecer sugerencias. Procura elegir palabras de entre ellas, pues son las que se van registrando en el sistema a medida que los freelancers las van detallando. <\/span><\/p>\n<p><span style=\"font-weight: 400;\">Piensa bien qu\u00e9 cosas va a necesitar saber el freelancer y detalla la mayor cantidad de habilidades, como por ejemplo qu\u00e9 programas necesita saber utilizar o qu\u00e9 conocimientos sobre un tema en espec\u00edfico debe manejar. No temas colocar varias similares.<\/span><\/p>\n<h2><span style=\"font-weight: 400;\">3. Da algunos detalles t\u00e9cnicos <\/span><\/h2>\n<p><span style=\"font-weight: 400;\">A veces puede suceder que sientas que no tienes mucho qu\u00e9 decir, porque como t\u00fa trabajas en ello, sabes que quien conoce el tema, tiene que saber de qu\u00e9 hablas. Pero recuerda que en un proyecto hay much\u00edsimas \u00e1reas de trabajo involucradas y que quien hace una cosa, no necesariamente debe saber lo que sabe el otro. Por eso, trata de ser descriptivo con los detalles: <\/span><\/p>\n<p style=\"padding-left: 30px;\"><span style=\"font-weight: 400;\">a. De qu\u00e9 se trata el trabajo<\/span><\/p>\n<p style=\"padding-left: 30px;\"><span style=\"font-weight: 400;\">b. Qu\u00e9 funci\u00f3n va a tener el servicio o producto que el freelancer te va a dar<\/span><\/p>\n<p style=\"padding-left: 30px;\"><span style=\"font-weight: 400;\">c. Cu\u00e1nto necesitas o por cu\u00e1nto tiempo, de qu\u00e9 medida, de qu\u00e9 material<\/span><\/p>\n<p style=\"padding-left: 30px;\"><span style=\"font-weight: 400;\">d. Para cu\u00e1ndo lo quieres<\/span><\/p>\n<p><span style=\"font-weight: 400;\">Volviendo al ejemplo de una revista, si sigues la pauta de los detalles, tu descripci\u00f3n (obviamente sin poner los literales) deber\u00eda contener una informaci\u00f3n como: <\/span><\/p>\n<p style=\"padding-left: 30px;\"><span style=\"font-weight: 400;\">a. Necesito un dise\u00f1ador<\/span><\/p>\n<p style=\"padding-left: 30px;\"><span style=\"font-weight: 400;\">b. para una revista institucional de X tema, la cual va dirigida a estudiantes universitarios <\/span><\/p>\n<p style=\"padding-left: 30px;\"><span style=\"font-weight: 400;\">c. la cual contendr\u00e1 40 p\u00e1ginas full color, la mayor\u00eda con ilustraciones e infogr\u00e1ficos que el dise\u00f1ador debe desarrollar, no va a ser impresa, la entrega ser\u00e1 en pdf para ponerla en l\u00ednea<\/span><\/p>\n<p style=\"padding-left: 30px;\"><span style=\"font-weight: 400;\">d. La revista debe estar lista para revisar y hacer cambios en noviembre, pues su publicaci\u00f3n ser\u00e1 en diciembre.<\/span><\/p>\n<p><span style=\"font-weight: 400;\">De esta manera, le estar\u00e1s dando al profesional un detalle de qu\u00e9 tanto trabajo va a involucrar realizar tu proyecto. As\u00ed no solo ver\u00e1 si puede aplicar o no, sino que tambi\u00e9n podr\u00e1 darte un presupuesto m\u00e1s acorde al esfuerzo que se requiere. <\/span><\/p>\n<p><em><span style=\"font-weight: 400;\">*Recuerda que tu descripci\u00f3n debe tener al menos 400 caracteres. <\/span><\/em><\/p>\n<h2><span style=\"font-weight: 400;\">4. Detalla un presupuesto<\/span><\/h2>\n<p><span style=\"font-weight: 400;\">De preferencia coloca siempre un presupuesto estimado, de acuerdo con tu experiencia en trabajos pasados. Recuerda que al recibir las cotizaciones, puedes negociar y ajustar detalles de precios y servicios con el freelancer que mejor te parezca en la secci\u00f3n de preguntas y respuestas.<\/span><\/p>\n<h2><span style=\"font-weight: 400;\">5.\u00a0Cotiza directamente<\/span><\/h2>\n<p><span style=\"font-weight: 400;\">Cuando publicas un proyecto, tienes la opci\u00f3n de invitar a freelancers que t\u00fa elijas a ofertarte. Para ello, ve a la secci\u00f3n <strong>Buscar freelancers<\/strong>\u00a0y haz clic en el bot\u00f3n Cotizar. El sistema te preguntar\u00e1 si deseas invitarlo a un proyecto existente o a cotizar algo nuevo. Elige la opci\u00f3n de tu proyecto existente. El freelancer recibir\u00e1 la invitaci\u00f3n para ofertar<\/span><span style=\"font-weight: 400;\">.<\/span><\/p>\n<p><span style=\"font-weight: 400;\">Para terminar, si ya tienes un proyecto publicado, puedes modificarlo haciendo clic en el icono Editar que ver\u00e1s en el engranaje al lado del nombre de tu<\/span><b>\u00a0<\/b><span style=\"font-weight: 400;\">proyecto para mejorarlo y recibir m\u00e1s propuestas.<\/span><\/p>\n<h2><span style=\"font-weight: 400;\">Publicaciones\u00a0\u00c9lite<\/span><\/h2>\n<p><span style=\"font-weight: 400;\">Al\u00a0<a href=\"https:\/\/www.soyfreelancer.com\/membresias\" target=\"_blank\">subir tu cuenta a \u00c9lite<\/a>, tus proyectos publicados aparecer\u00e1n como destacados dentro de la p\u00e1gina, de manera que los profesionales que ingresen a la plataforma lo ver\u00e1n primero en la lista. <\/span><\/p>\n<p><span style=\"font-weight: 400;\">Tu cuenta \u00c9lite\u00a0adem\u00e1s te ofrece otras ventajas, como\u00a0descargar curr\u00edculums,\u00a0adjuntar archivos a tus proyectos, agendar citas en el calendario de Google Meet\u00a0y acceso temprano a promociones especiales. Adem\u00e1s, tu proyecto permanecer\u00e1 publicado por m\u00e1s tiempo. Consulta nuestras <a href=\"https:\/\/www.soyfreelancer.com\/blog\/precios-de-publicacion-de-proyectos-freelance\/\" target=\"_self\">tarifas y beneficios.<\/a>\u00a0\u00a0<\/span><\/p>\n<p><span style=\"font-weight: 400;\">No olvides que si tienes dudas o consultas a la hora de publicar, cuentas con soporte en l\u00ednea v\u00eda chat o enviando un correo a <\/span><a href=\"mailto:soporte@soyfreelancer.com\"><span style=\"font-weight: 400;\">soporte@soyfreelancer.com<\/span><\/a><\/p>\n<p><span style=\"font-weight: 400;\">Publica tu proyecto y contrata un freelancer ingresando con tu cuenta a <\/span><a href=\"https:\/\/www.soyfreelancer.com\" target=\"_blank\"><span style=\"font-weight: 400;\">Soyfreelancer.com<\/span><\/a><span style=\"font-weight: 400;\"> ahora.<\/span><\/p>\n<p>&nbsp;<\/p>\n","protected":false},"excerpt":{"rendered":"Cuando publicas un proyecto para contratar freelancers dentro de nuestra plataforma la invitaci\u00f3n a mandarte\u00a0cotizaciones\u00a0de trabajo es enviada a los profesionales registrados que tengan las habilidades que t\u00fa necesitas. Esto quiere decir que la cantidad de ofertas o cotizaciones\u00a0que recibas depender\u00e1 de qu\u00e9 tan descriptivo hayas sido al detallar qu\u00e9 necesitas de quien vayas a&#8230; <a class=\"view-article\" href=\"https:\/\/wp.soyfreelancer.com\/blog\/5-pasos-para-conseguir-mejores-cotizaciones-freelance\/\">Continuar leyendo<\/a>","protected":false},"author":11,"featured_media":0,"parent":0,"menu_order":0,"comment_status":"closed","ping_status":"closed","template":"","meta":{"_acf_changed":false,"footnotes":""},"categories":[11],"tags":[1471,1577,71,1595,1596,91],"class_list":["post-8994","page","type-page","status-publish","hentry","category-productividad","tag-contratar-un-freelancer","tag-donde-contratar-freelancers","tag-freelance","tag-profesionales-independientes","tag-proyectos","tag-trabajo"],"acf":[],"yoast_head":"<!-- This site is optimized with the Yoast SEO plugin v27.4 - https:\/\/yoast.com\/product\/yoast-seo-wordpress\/ -->\n<title>5 pasos para conseguir mejores cotizaciones freelance<\/title>\n<meta name=\"description\" content=\"Tips infaltables a tener en cuenta para conseguir mejores cotizaciones de freelancers para tu pr\u00f3ximo proyecto. Contrata a los mejores profesionales...\" \/>\n<meta name=\"robots\" content=\"index, follow, max-snippet:-1, max-image-preview:large, max-video-preview:-1\" \/>\n<link rel=\"canonical\" href=\"https:\/\/wp.soyfreelancer.com\/blog\/5-pasos-para-conseguir-mejores-cotizaciones-freelance\/\" \/>\n<meta property=\"og:locale\" content=\"es_ES\" \/>\n<meta property=\"og:type\" content=\"article\" \/>\n<meta property=\"og:title\" content=\"5 pasos para conseguir mejores cotizaciones freelance\" \/>\n<meta property=\"og:description\" content=\"Tips infaltables a tener en cuenta para conseguir mejores cotizaciones de freelancers para tu pr\u00f3ximo proyecto. Contrata a los mejores profesionales...\" \/>\n<meta property=\"og:url\" content=\"https:\/\/wp.soyfreelancer.com\/blog\/5-pasos-para-conseguir-mejores-cotizaciones-freelance\/\" \/>\n<meta property=\"og:site_name\" content=\"Soyfreelancer.com\" \/>\n<meta property=\"article:modified_time\" content=\"2023-09-08T22:25:47+00:00\" \/>\n<meta property=\"og:image\" content=\"https:\/\/www.soyfreelancer.com\/blog\/wp-content\/uploads\/2016\/09\/startup-photos.jpg\" \/>\n<meta name=\"twitter:card\" content=\"summary_large_image\" \/>\n<meta name=\"twitter:label1\" content=\"Tiempo de lectura\" \/>\n\t<meta name=\"twitter:data1\" content=\"4 minutos\" \/>\n<script type=\"application\/ld+json\" class=\"yoast-schema-graph\">{\"@context\":\"https:\\\/\\\/schema.org\",\"@graph\":[{\"@type\":\"WebPage\",\"@id\":\"https:\\\/\\\/wp.soyfreelancer.com\\\/blog\\\/5-pasos-para-conseguir-mejores-cotizaciones-freelance\\\/\",\"url\":\"https:\\\/\\\/wp.soyfreelancer.com\\\/blog\\\/5-pasos-para-conseguir-mejores-cotizaciones-freelance\\\/\",\"name\":\"5 pasos para conseguir mejores cotizaciones freelance\",\"isPartOf\":{\"@id\":\"https:\\\/\\\/wp.soyfreelancer.com\\\/blog\\\/#website\"},\"datePublished\":\"2016-09-27T00:22:54+00:00\",\"dateModified\":\"2023-09-08T22:25:47+00:00\",\"description\":\"Tips infaltables a tener en cuenta para conseguir mejores cotizaciones de freelancers para tu pr\u00f3ximo proyecto. Contrata a los mejores profesionales...\",\"breadcrumb\":{\"@id\":\"https:\\\/\\\/wp.soyfreelancer.com\\\/blog\\\/5-pasos-para-conseguir-mejores-cotizaciones-freelance\\\/#breadcrumb\"},\"inLanguage\":\"es\",\"potentialAction\":[{\"@type\":\"ReadAction\",\"target\":[\"https:\\\/\\\/wp.soyfreelancer.com\\\/blog\\\/5-pasos-para-conseguir-mejores-cotizaciones-freelance\\\/\"]}]},{\"@type\":\"BreadcrumbList\",\"@id\":\"https:\\\/\\\/wp.soyfreelancer.com\\\/blog\\\/5-pasos-para-conseguir-mejores-cotizaciones-freelance\\\/#breadcrumb\",\"itemListElement\":[{\"@type\":\"ListItem\",\"position\":1,\"name\":\"Portada\",\"item\":\"https:\\\/\\\/wp.soyfreelancer.com\\\/blog\\\/\"},{\"@type\":\"ListItem\",\"position\":2,\"name\":\"5 pasos para conseguir mejores cotizaciones freelance\"}]},{\"@type\":\"WebSite\",\"@id\":\"https:\\\/\\\/wp.soyfreelancer.com\\\/blog\\\/#website\",\"url\":\"https:\\\/\\\/wp.soyfreelancer.com\\\/blog\\\/\",\"name\":\"Soyfreelancer.com\",\"description\":\"Soyfreelancer.com | Multiservicios en demanda\",\"potentialAction\":[{\"@type\":\"SearchAction\",\"target\":{\"@type\":\"EntryPoint\",\"urlTemplate\":\"https:\\\/\\\/wp.soyfreelancer.com\\\/blog\\\/?s={search_term_string}\"},\"query-input\":{\"@type\":\"PropertyValueSpecification\",\"valueRequired\":true,\"valueName\":\"search_term_string\"}}],\"inLanguage\":\"es\"}]}<\/script>\n<!-- \/ Yoast SEO plugin. -->","yoast_head_json":{"title":"5 pasos para conseguir mejores cotizaciones freelance","description":"Tips infaltables a tener en cuenta para conseguir mejores cotizaciones de freelancers para tu pr\u00f3ximo proyecto. Contrata a los mejores profesionales...","robots":{"index":"index","follow":"follow","max-snippet":"max-snippet:-1","max-image-preview":"max-image-preview:large","max-video-preview":"max-video-preview:-1"},"canonical":"https:\/\/wp.soyfreelancer.com\/blog\/5-pasos-para-conseguir-mejores-cotizaciones-freelance\/","og_locale":"es_ES","og_type":"article","og_title":"5 pasos para conseguir mejores cotizaciones freelance","og_description":"Tips infaltables a tener en cuenta para conseguir mejores cotizaciones de freelancers para tu pr\u00f3ximo proyecto. Contrata a los mejores profesionales...","og_url":"https:\/\/wp.soyfreelancer.com\/blog\/5-pasos-para-conseguir-mejores-cotizaciones-freelance\/","og_site_name":"Soyfreelancer.com","article_modified_time":"2023-09-08T22:25:47+00:00","og_image":[{"url":"https:\/\/www.soyfreelancer.com\/blog\/wp-content\/uploads\/2016\/09\/startup-photos.jpg","type":"","width":"","height":""}],"twitter_card":"summary_large_image","twitter_misc":{"Tiempo de lectura":"4 minutos"},"schema":{"@context":"https:\/\/schema.org","@graph":[{"@type":"WebPage","@id":"https:\/\/wp.soyfreelancer.com\/blog\/5-pasos-para-conseguir-mejores-cotizaciones-freelance\/","url":"https:\/\/wp.soyfreelancer.com\/blog\/5-pasos-para-conseguir-mejores-cotizaciones-freelance\/","name":"5 pasos para conseguir mejores cotizaciones freelance","isPartOf":{"@id":"https:\/\/wp.soyfreelancer.com\/blog\/#website"},"datePublished":"2016-09-27T00:22:54+00:00","dateModified":"2023-09-08T22:25:47+00:00","description":"Tips infaltables a tener en cuenta para conseguir mejores cotizaciones de freelancers para tu pr\u00f3ximo proyecto. Contrata a los mejores profesionales...","breadcrumb":{"@id":"https:\/\/wp.soyfreelancer.com\/blog\/5-pasos-para-conseguir-mejores-cotizaciones-freelance\/#breadcrumb"},"inLanguage":"es","potentialAction":[{"@type":"ReadAction","target":["https:\/\/wp.soyfreelancer.com\/blog\/5-pasos-para-conseguir-mejores-cotizaciones-freelance\/"]}]},{"@type":"BreadcrumbList","@id":"https:\/\/wp.soyfreelancer.com\/blog\/5-pasos-para-conseguir-mejores-cotizaciones-freelance\/#breadcrumb","itemListElement":[{"@type":"ListItem","position":1,"name":"Portada","item":"https:\/\/wp.soyfreelancer.com\/blog\/"},{"@type":"ListItem","position":2,"name":"5 pasos para conseguir mejores cotizaciones freelance"}]},{"@type":"WebSite","@id":"https:\/\/wp.soyfreelancer.com\/blog\/#website","url":"https:\/\/wp.soyfreelancer.com\/blog\/","name":"Soyfreelancer.com","description":"Soyfreelancer.com | Multiservicios en demanda","potentialAction":[{"@type":"SearchAction","target":{"@type":"EntryPoint","urlTemplate":"https:\/\/wp.soyfreelancer.com\/blog\/?s={search_term_string}"},"query-input":{"@type":"PropertyValueSpecification","valueRequired":true,"valueName":"search_term_string"}}],"inLanguage":"es"}]}},"_links":{"self":[{"href":"https:\/\/wp.soyfreelancer.com\/blog\/wp-json\/wp\/v2\/pages\/8994","targetHints":{"allow":["GET"]}}],"collection":[{"href":"https:\/\/wp.soyfreelancer.com\/blog\/wp-json\/wp\/v2\/pages"}],"about":[{"href":"https:\/\/wp.soyfreelancer.com\/blog\/wp-json\/wp\/v2\/types\/page"}],"author":[{"embeddable":true,"href":"https:\/\/wp.soyfreelancer.com\/blog\/wp-json\/wp\/v2\/users\/11"}],"replies":[{"embeddable":true,"href":"https:\/\/wp.soyfreelancer.com\/blog\/wp-json\/wp\/v2\/comments?post=8994"}],"version-history":[{"count":2,"href":"https:\/\/wp.soyfreelancer.com\/blog\/wp-json\/wp\/v2\/pages\/8994\/revisions"}],"predecessor-version":[{"id":12344,"href":"https:\/\/wp.soyfreelancer.com\/blog\/wp-json\/wp\/v2\/pages\/8994\/revisions\/12344"}],"wp:attachment":[{"href":"https:\/\/wp.soyfreelancer.com\/blog\/wp-json\/wp\/v2\/media?parent=8994"}],"wp:term":[{"taxonomy":"category","embeddable":true,"href":"https:\/\/wp.soyfreelancer.com\/blog\/wp-json\/wp\/v2\/categories?post=8994"},{"taxonomy":"post_tag","embeddable":true,"href":"https:\/\/wp.soyfreelancer.com\/blog\/wp-json\/wp\/v2\/tags?post=8994"}],"curies":[{"name":"wp","href":"https:\/\/api.w.org\/{rel}","templated":true}]}}